{"id":949,"date":"2023-09-26T17:32:12","date_gmt":"2023-09-26T20:32:12","guid":{"rendered":"https:\/\/www.eletroll.com.br\/site\/?page_id=949"},"modified":"2024-10-02T12:03:06","modified_gmt":"2024-10-02T15:03:06","slug":"loja-eletro-lira","status":"publish","type":"page","link":"https:\/\/www.eletroll.com.br\/site\/loja-eletro-lira\/","title":{"rendered":"Loja Eletro Lira &#8211; Materiais El\u00e9tricos e Instala\u00e7\u00f5es El\u00e9tricas &#8211; Nossa Hist\u00f3ria"},"content":{"rendered":"\t\t<div data-elementor-type=\"wp-page\" data-elementor-id=\"949\" class=\"elementor elementor-949\">\n\t\t\t\t<div class=\"elementor-element elementor-element-44b5013d e-flex e-con-boxed e-con e-parent\" data-id=\"44b5013d\" data-element_type=\"container\" data-e-type=\"container\">\n\t\t\t\t\t<div class=\"e-con-inner\">\n\t\t\t\t<div class=\"elementor-element elementor-element-6479582c elementor-widget elementor-widget-text-editor\" data-id=\"6479582c\" data-element_type=\"widget\" data-e-type=\"widget\" data-widget_type=\"text-editor.default\">\n\t\t\t\t<div class=\"elementor-widget-container\">\n\t\t\t\t\t\t\t\t\t\t\t\t\t\t\t\t\t<\/div>\n\t\t\t\t<\/div>\n\t\t\t\t\t<\/div>\n\t\t\t\t<\/div>\n\t\t<div class=\"elementor-element elementor-element-2ec892a e-flex e-con-boxed e-con e-parent\" data-id=\"2ec892a\" data-element_type=\"container\" data-e-type=\"container\">\n\t\t\t\t\t<div class=\"e-con-inner\">\n\t\t<div class=\"elementor-element elementor-element-0c16ddc e-flex e-con-boxed e-con e-child\" data-id=\"0c16ddc\" data-element_type=\"container\" data-e-type=\"container\">\n\t\t\t\t\t<div class=\"e-con-inner\">\n\t\t\t\t<div class=\"elementor-element elementor-element-8ddc388 elementor-widget__width-initial elementor-widget elementor-widget-heading\" data-id=\"8ddc388\" data-element_type=\"widget\" data-e-type=\"widget\" data-widget_type=\"heading.default\">\n\t\t\t\t<div class=\"elementor-widget-container\">\n\t\t\t\t\t<h2 class=\"elementor-heading-title elementor-size-default\">Conhe\u00e7a Nossa Hist\u00f3ria,<br>Conhe\u00e7a a Eletro Lira<\/h2>\t\t\t\t<\/div>\n\t\t\t\t<\/div>\n\t\t\t\t\t<\/div>\n\t\t\t\t<\/div>\n\t\t\t\t\t<\/div>\n\t\t\t\t<\/div>\n\t\t<div class=\"elementor-element elementor-element-764f39e e-flex e-con-boxed e-con e-parent\" data-id=\"764f39e\" data-element_type=\"container\" data-e-type=\"container\">\n\t\t\t\t\t<div class=\"e-con-inner\">\n\t\t<div class=\"elementor-element elementor-element-2846d03 e-flex e-con-boxed e-con e-child\" data-id=\"2846d03\" data-element_type=\"container\" data-e-type=\"container\">\n\t\t\t\t\t<div class=\"e-con-inner\">\n\t\t<div class=\"elementor-element elementor-element-daead96 e-con-full e-flex e-con e-child\" data-id=\"daead96\" data-element_type=\"container\" data-e-type=\"container\">\n\t\t\t\t<div class=\"elementor-element elementor-element-88ad2af elementor-widget elementor-widget-image\" data-id=\"88ad2af\" data-element_type=\"widget\" data-e-type=\"widget\" data-widget_type=\"image.default\">\n\t\t\t\t<div class=\"elementor-widget-container\">\n\t\t\t\t\t\t\t\t\t\t\t\t\t\t\t<img fetchpriority=\"high\" decoding=\"async\" width=\"400\" height=\"259\" src=\"https:\/\/www.eletroll.com.br\/site\/wp-content\/uploads\/2023\/09\/onde-tudo-comecou-1.png\" class=\"attachment-full size-full wp-image-958\" alt=\"\" srcset=\"https:\/\/www.eletroll.com.br\/site\/wp-content\/uploads\/2023\/09\/onde-tudo-comecou-1.png 400w, https:\/\/www.eletroll.com.br\/site\/wp-content\/uploads\/2023\/09\/onde-tudo-comecou-1-300x194.png 300w\" sizes=\"(max-width: 400px) 100vw, 400px\" \/>\t\t\t\t\t\t\t\t\t\t\t\t\t\t\t<\/div>\n\t\t\t\t<\/div>\n\t\t\t\t<\/div>\n\t\t<div class=\"elementor-element elementor-element-c3b2f52 e-con-full e-flex e-con e-child\" data-id=\"c3b2f52\" data-element_type=\"container\" data-e-type=\"container\">\n\t\t\t\t<div class=\"elementor-element elementor-element-8ee90b8 elementor-widget__width-initial elementor-widget elementor-widget-heading\" data-id=\"8ee90b8\" data-element_type=\"widget\" data-e-type=\"widget\" data-widget_type=\"heading.default\">\n\t\t\t\t<div class=\"elementor-widget-container\">\n\t\t\t\t\t<h2 class=\"elementor-heading-title elementor-size-default\">Onde tudo Come\u00e7ou...<\/h2>\t\t\t\t<\/div>\n\t\t\t\t<\/div>\n\t\t\t\t<div class=\"elementor-element elementor-element-07076e9 elementor-widget elementor-widget-text-editor\" data-id=\"07076e9\" data-element_type=\"widget\" data-e-type=\"widget\" data-widget_type=\"text-editor.default\">\n\t\t\t\t<div class=\"elementor-widget-container\">\n\t\t\t\t\t\t\t\t\t<p>Em meados de 1997, Jesu\u00edno, que na \u00e9poca era eletricista e pedreiro, come\u00e7ou sua jornada empreendedora. Com uma combina\u00e7\u00e3o de habilidades t\u00e9cnicas e um incans\u00e1vel esfor\u00e7o, foi gradualmente construindo sua base de clientes e expandindo seus conhecimentos. Foi durante esse per\u00edodo que surgiu a ideia de fundar a Eletro LL loja de materiais el\u00e9tricos. Afinal, al\u00e9m de oferecer servi\u00e7os de instala\u00e7\u00e3o el\u00e9trica, Jesu\u00edno e sua esposa Z\u00e9lia viam a oportunidade de fornecer os materiais necess\u00e1rios, facilitando a vida de seus clientes.<\/p>\t\t\t\t\t\t\t\t<\/div>\n\t\t\t\t<\/div>\n\t\t\t\t<\/div>\n\t\t\t\t\t<\/div>\n\t\t\t\t<\/div>\n\t\t\t\t\t<\/div>\n\t\t\t\t<\/div>\n\t\t<div class=\"elementor-element elementor-element-624d533 e-flex e-con-boxed e-con e-parent\" data-id=\"624d533\" data-element_type=\"container\" data-e-type=\"container\">\n\t\t\t\t\t<div class=\"e-con-inner\">\n\t\t<div class=\"elementor-element elementor-element-7a5dc2a e-flex e-con-boxed e-con e-child\" data-id=\"7a5dc2a\" data-element_type=\"container\" data-e-type=\"container\">\n\t\t\t\t\t<div class=\"e-con-inner\">\n\t\t<div class=\"elementor-element elementor-element-2304386 e-con-full e-flex e-con e-child\" data-id=\"2304386\" data-element_type=\"container\" data-e-type=\"container\">\n\t\t\t\t<div class=\"elementor-element elementor-element-a0674c3 elementor-widget__width-initial elementor-widget elementor-widget-heading\" data-id=\"a0674c3\" data-element_type=\"widget\" data-e-type=\"widget\" data-widget_type=\"heading.default\">\n\t\t\t\t<div class=\"elementor-widget-container\">\n\t\t\t\t\t<h2 class=\"elementor-heading-title elementor-size-default\">Onde estamos hoje...<\/h2>\t\t\t\t<\/div>\n\t\t\t\t<\/div>\n\t\t\t\t<div class=\"elementor-element elementor-element-d15e1ea elementor-widget elementor-widget-text-editor\" data-id=\"d15e1ea\" data-element_type=\"widget\" data-e-type=\"widget\" data-widget_type=\"text-editor.default\">\n\t\t\t\t<div class=\"elementor-widget-container\">\n\t\t\t\t\t\t\t\t\t<p>Hoje, ap\u00f3s 27 anos de dedica\u00e7\u00e3o incans\u00e1vel ao neg\u00f3cio, a Eletro Lira se estabeleceu como uma institui\u00e7\u00e3o s\u00f3lida no mercado de el\u00e9trica em Londrina. Com mais de 5 mil itens em estoque, estamos prontos para atender a demanda el\u00e9trica de nossa regi\u00e3o. Al\u00e9m da vasta gama de produtos, tamb\u00e9m oferecemos servi\u00e7os de engenharia e manuten\u00e7\u00e3o el\u00e9trica, garantindo que nossos clientes tenham acesso a solu\u00e7\u00f5es abrangentes e de alta qualidade.<\/p>\n<p>Com uma equipe especializada, comprometida e apaixonada pelo que fazem, a Eletro Lira se tornou uma refer\u00eancia em Londrina e regi\u00e3o. Nosso compromisso com a excel\u00eancia e o atendimento ao cliente \u00e9 o que nos impulsiona todos os dias, e estamos ansiosos para continuar crescendo e servindo nossos clientes com integridade e profissionalismo.<\/p>\t\t\t\t\t\t\t\t<\/div>\n\t\t\t\t<\/div>\n\t\t\t\t<\/div>\n\t\t<div class=\"elementor-element elementor-element-8c80a92 e-con-full e-flex e-con e-child\" data-id=\"8c80a92\" data-element_type=\"container\" data-e-type=\"container\">\n\t\t\t\t<div class=\"elementor-element elementor-element-995f80d elementor-widget elementor-widget-image\" data-id=\"995f80d\" data-element_type=\"widget\" data-e-type=\"widget\" data-widget_type=\"image.default\">\n\t\t\t\t<div class=\"elementor-widget-container\">\n\t\t\t\t\t\t\t\t\t\t\t\t\t\t\t<img decoding=\"async\" width=\"396\" height=\"344\" src=\"https:\/\/www.eletroll.com.br\/site\/wp-content\/uploads\/2023\/09\/nossa-loja-hj.png\" class=\"attachment-full size-full wp-image-963\" alt=\"\" srcset=\"https:\/\/www.eletroll.com.br\/site\/wp-content\/uploads\/2023\/09\/nossa-loja-hj.png 396w, https:\/\/www.eletroll.com.br\/site\/wp-content\/uploads\/2023\/09\/nossa-loja-hj-300x261.png 300w\" sizes=\"(max-width: 396px) 100vw, 396px\" \/>\t\t\t\t\t\t\t\t\t\t\t\t\t\t\t<\/div>\n\t\t\t\t<\/div>\n\t\t\t\t<\/div>\n\t\t\t\t\t<\/div>\n\t\t\t\t<\/div>\n\t\t\t\t\t<\/div>\n\t\t\t\t<\/div>\n\t\t<div class=\"elementor-element elementor-element-cdfe8fe elementor-hidden-desktop elementor-hidden-tablet elementor-hidden-mobile e-flex e-con-boxed e-con e-parent\" data-id=\"cdfe8fe\" data-element_type=\"container\" data-e-type=\"container\">\n\t\t\t\t\t<div class=\"e-con-inner\">\n\t\t<div class=\"elementor-element elementor-element-bfc8f86 e-con-full e-flex e-con e-child\" data-id=\"bfc8f86\" data-element_type=\"container\" data-e-type=\"container\">\n\t\t\t\t<div class=\"elementor-element elementor-element-8e0584e elementor-widget__width-initial elementor-widget elementor-widget-heading\" data-id=\"8e0584e\" data-element_type=\"widget\" data-e-type=\"widget\" data-widget_type=\"heading.default\">\n\t\t\t\t<div class=\"elementor-widget-container\">\n\t\t\t\t\t<h2 class=\"elementor-heading-title elementor-size-default\">Conhe\u00e7a nossa equipe<\/h2>\t\t\t\t<\/div>\n\t\t\t\t<\/div>\n\t\t\t\t<div class=\"elementor-element elementor-element-1386364 elementor-widget elementor-widget-text-editor\" data-id=\"1386364\" data-element_type=\"widget\" data-e-type=\"widget\" data-widget_type=\"text-editor.default\">\n\t\t\t\t<div class=\"elementor-widget-container\">\n\t\t\t\t\t\t\t\t\t<p>Equipe firme e forte para atender suas demandas.<\/p>\t\t\t\t\t\t\t\t<\/div>\n\t\t\t\t<\/div>\n\t\t\t\t<\/div>\n\t\t\t\t\t<\/div>\n\t\t\t\t<\/div>\n\t\t<div class=\"elementor-element elementor-element-c45ab9f elementor-hidden-desktop elementor-hidden-tablet elementor-hidden-mobile e-flex e-con-boxed e-con e-parent\" data-id=\"c45ab9f\" data-element_type=\"container\" data-e-type=\"container\">\n\t\t\t\t\t<div class=\"e-con-inner\">\n\t\t<div class=\"elementor-element elementor-element-e85bbda e-con-full e-flex e-con e-child\" data-id=\"e85bbda\" data-element_type=\"container\" data-e-type=\"container\">\n\t\t\t\t<div class=\"elementor-element elementor-element-e087ffe elementor-position-top elementor-widget elementor-widget-image-box\" data-id=\"e087ffe\" data-element_type=\"widget\" data-e-type=\"widget\" data-widget_type=\"image-box.default\">\n\t\t\t\t<div class=\"elementor-widget-container\">\n\t\t\t\t\t<div class=\"elementor-image-box-wrapper\"><figure class=\"elementor-image-box-img\"><img decoding=\"async\" width=\"600\" height=\"602\" src=\"https:\/\/www.eletroll.com.br\/site\/wp-content\/uploads\/2023\/09\/zelia-foto.png\" class=\"attachment-full size-full wp-image-970\" alt=\"\" srcset=\"https:\/\/www.eletroll.com.br\/site\/wp-content\/uploads\/2023\/09\/zelia-foto.png 600w, https:\/\/www.eletroll.com.br\/site\/wp-content\/uploads\/2023\/09\/zelia-foto-300x300.png 300w, https:\/\/www.eletroll.com.br\/site\/wp-content\/uploads\/2023\/09\/zelia-foto-150x150.png 150w\" sizes=\"(max-width: 600px) 100vw, 600px\" \/><\/figure><div class=\"elementor-image-box-content\"><h3 class=\"elementor-image-box-title\">Maria Z\u00e9lia<\/h3><p class=\"elementor-image-box-description\">gerente administrativo<\/p><\/div><\/div>\t\t\t\t<\/div>\n\t\t\t\t<\/div>\n\t\t\t\t<\/div>\n\t\t<div class=\"elementor-element elementor-element-3c70602 e-con-full e-flex e-con e-child\" data-id=\"3c70602\" data-element_type=\"container\" data-e-type=\"container\">\n\t\t\t\t<div class=\"elementor-element elementor-element-a104031 elementor-position-top elementor-widget elementor-widget-image-box\" data-id=\"a104031\" data-element_type=\"widget\" data-e-type=\"widget\" data-widget_type=\"image-box.default\">\n\t\t\t\t<div class=\"elementor-widget-container\">\n\t\t\t\t\t<div class=\"elementor-image-box-wrapper\"><figure class=\"elementor-image-box-img\"><img loading=\"lazy\" decoding=\"async\" width=\"2560\" height=\"2560\" src=\"https:\/\/www.eletroll.com.br\/site\/wp-content\/uploads\/2023\/09\/jesuino-scaled.jpg\" class=\"attachment-full size-full wp-image-971\" alt=\"\" srcset=\"https:\/\/www.eletroll.com.br\/site\/wp-content\/uploads\/2023\/09\/jesuino-scaled.jpg 2560w, https:\/\/www.eletroll.com.br\/site\/wp-content\/uploads\/2023\/09\/jesuino-300x300.jpg 300w, https:\/\/www.eletroll.com.br\/site\/wp-content\/uploads\/2023\/09\/jesuino-1024x1024.jpg 1024w, https:\/\/www.eletroll.com.br\/site\/wp-content\/uploads\/2023\/09\/jesuino-150x150.jpg 150w, https:\/\/www.eletroll.com.br\/site\/wp-content\/uploads\/2023\/09\/jesuino-768x768.jpg 768w, https:\/\/www.eletroll.com.br\/site\/wp-content\/uploads\/2023\/09\/jesuino-1536x1536.jpg 1536w, https:\/\/www.eletroll.com.br\/site\/wp-content\/uploads\/2023\/09\/jesuino-2048x2048.jpg 2048w\" sizes=\"(max-width: 2560px) 100vw, 2560px\" \/><\/figure><div class=\"elementor-image-box-content\"><h3 class=\"elementor-image-box-title\">Jesuino Lira<\/h3><p class=\"elementor-image-box-description\">engenheiro eletricista<\/p><\/div><\/div>\t\t\t\t<\/div>\n\t\t\t\t<\/div>\n\t\t\t\t<\/div>\n\t\t<div class=\"elementor-element elementor-element-62b3a5c e-con-full e-flex e-con e-child\" data-id=\"62b3a5c\" data-element_type=\"container\" data-e-type=\"container\">\n\t\t\t\t<div class=\"elementor-element elementor-element-44dd081 elementor-position-top elementor-widget elementor-widget-image-box\" data-id=\"44dd081\" data-element_type=\"widget\" data-e-type=\"widget\" data-widget_type=\"image-box.default\">\n\t\t\t\t<div class=\"elementor-widget-container\">\n\t\t\t\t\t<div class=\"elementor-image-box-wrapper\"><figure class=\"elementor-image-box-img\"><img loading=\"lazy\" decoding=\"async\" width=\"2560\" height=\"2560\" src=\"https:\/\/www.eletroll.com.br\/site\/wp-content\/uploads\/2023\/09\/bruno_souza-scaled.jpg\" class=\"attachment-full size-full wp-image-968\" alt=\"\" srcset=\"https:\/\/www.eletroll.com.br\/site\/wp-content\/uploads\/2023\/09\/bruno_souza-scaled.jpg 2560w, https:\/\/www.eletroll.com.br\/site\/wp-content\/uploads\/2023\/09\/bruno_souza-300x300.jpg 300w, https:\/\/www.eletroll.com.br\/site\/wp-content\/uploads\/2023\/09\/bruno_souza-1024x1024.jpg 1024w, https:\/\/www.eletroll.com.br\/site\/wp-content\/uploads\/2023\/09\/bruno_souza-150x150.jpg 150w, https:\/\/www.eletroll.com.br\/site\/wp-content\/uploads\/2023\/09\/bruno_souza-768x768.jpg 768w, https:\/\/www.eletroll.com.br\/site\/wp-content\/uploads\/2023\/09\/bruno_souza-1536x1536.jpg 1536w, https:\/\/www.eletroll.com.br\/site\/wp-content\/uploads\/2023\/09\/bruno_souza-2048x2048.jpg 2048w\" sizes=\"(max-width: 2560px) 100vw, 2560px\" \/><\/figure><div class=\"elementor-image-box-content\"><h3 class=\"elementor-image-box-title\">Bruno Souza<\/h3><p class=\"elementor-image-box-description\">marketing<\/p><\/div><\/div>\t\t\t\t<\/div>\n\t\t\t\t<\/div>\n\t\t\t\t<\/div>\n\t\t<div class=\"elementor-element elementor-element-7c5d467 e-con-full e-flex e-con e-child\" data-id=\"7c5d467\" data-element_type=\"container\" data-e-type=\"container\">\n\t\t\t\t<div class=\"elementor-element elementor-element-143d7da elementor-position-top elementor-widget elementor-widget-image-box\" data-id=\"143d7da\" data-element_type=\"widget\" data-e-type=\"widget\" data-widget_type=\"image-box.default\">\n\t\t\t\t<div class=\"elementor-widget-container\">\n\t\t\t\t\t<div class=\"elementor-image-box-wrapper\"><figure class=\"elementor-image-box-img\"><img loading=\"lazy\" decoding=\"async\" width=\"2560\" height=\"2560\" src=\"https:\/\/www.eletroll.com.br\/site\/wp-content\/uploads\/2023\/09\/jair-scaled.jpg\" class=\"attachment-full size-full wp-image-976\" alt=\"\" srcset=\"https:\/\/www.eletroll.com.br\/site\/wp-content\/uploads\/2023\/09\/jair-scaled.jpg 2560w, https:\/\/www.eletroll.com.br\/site\/wp-content\/uploads\/2023\/09\/jair-300x300.jpg 300w, https:\/\/www.eletroll.com.br\/site\/wp-content\/uploads\/2023\/09\/jair-1024x1024.jpg 1024w, https:\/\/www.eletroll.com.br\/site\/wp-content\/uploads\/2023\/09\/jair-150x150.jpg 150w, https:\/\/www.eletroll.com.br\/site\/wp-content\/uploads\/2023\/09\/jair-768x768.jpg 768w, https:\/\/www.eletroll.com.br\/site\/wp-content\/uploads\/2023\/09\/jair-1536x1536.jpg 1536w, https:\/\/www.eletroll.com.br\/site\/wp-content\/uploads\/2023\/09\/jair-2048x2048.jpg 2048w\" sizes=\"(max-width: 2560px) 100vw, 2560px\" \/><\/figure><div class=\"elementor-image-box-content\"><h3 class=\"elementor-image-box-title\">Jair de Lira<\/h3><p class=\"elementor-image-box-description\">encarregado de obra<\/p><\/div><\/div>\t\t\t\t<\/div>\n\t\t\t\t<\/div>\n\t\t\t\t<\/div>\n\t\t<div class=\"elementor-element elementor-element-333143c e-con-full e-flex e-con e-child\" data-id=\"333143c\" data-element_type=\"container\" data-e-type=\"container\">\n\t\t\t\t<div class=\"elementor-element elementor-element-fd7d470 elementor-position-top elementor-widget elementor-widget-image-box\" data-id=\"fd7d470\" data-element_type=\"widget\" data-e-type=\"widget\" data-widget_type=\"image-box.default\">\n\t\t\t\t<div class=\"elementor-widget-container\">\n\t\t\t\t\t<div class=\"elementor-image-box-wrapper\"><figure class=\"elementor-image-box-img\"><img loading=\"lazy\" decoding=\"async\" width=\"2560\" height=\"2560\" src=\"https:\/\/www.eletroll.com.br\/site\/wp-content\/uploads\/2023\/09\/rodrigo-scaled.jpg\" class=\"attachment-full size-full wp-image-977\" alt=\"\" srcset=\"https:\/\/www.eletroll.com.br\/site\/wp-content\/uploads\/2023\/09\/rodrigo-scaled.jpg 2560w, https:\/\/www.eletroll.com.br\/site\/wp-content\/uploads\/2023\/09\/rodrigo-300x300.jpg 300w, https:\/\/www.eletroll.com.br\/site\/wp-content\/uploads\/2023\/09\/rodrigo-1024x1024.jpg 1024w, https:\/\/www.eletroll.com.br\/site\/wp-content\/uploads\/2023\/09\/rodrigo-150x150.jpg 150w, https:\/\/www.eletroll.com.br\/site\/wp-content\/uploads\/2023\/09\/rodrigo-768x768.jpg 768w, https:\/\/www.eletroll.com.br\/site\/wp-content\/uploads\/2023\/09\/rodrigo-1536x1536.jpg 1536w, https:\/\/www.eletroll.com.br\/site\/wp-content\/uploads\/2023\/09\/rodrigo-2048x2048.jpg 2048w\" sizes=\"(max-width: 2560px) 100vw, 2560px\" \/><\/figure><div class=\"elementor-image-box-content\"><h3 class=\"elementor-image-box-title\">Rodrigo Celestino<\/h3><p class=\"elementor-image-box-description\">manuten\u00e7\u00f5es el\u00e9tricas<\/p><\/div><\/div>\t\t\t\t<\/div>\n\t\t\t\t<\/div>\n\t\t\t\t<\/div>\n\t\t\t\t\t<\/div>\n\t\t\t\t<\/div>\n\t\t\t\t<\/div>\n\t\t","protected":false},"excerpt":{"rendered":"<p>Loja Especializada em Materiais El\u00e9tricos, Realize Seus Or\u00e7amentos e Economize com a Eletro Lira.<\/p>\n","protected":false},"author":3,"featured_media":0,"parent":0,"menu_order":0,"comment_status":"closed","ping_status":"closed","template":"elementor_header_footer","meta":{"footnotes":""},"class_list":["post-949","page","type-page","status-publish","hentry"],"_links":{"self":[{"href":"https:\/\/www.eletroll.com.br\/site\/wp-json\/wp\/v2\/pages\/949","targetHints":{"allow":["GET"]}}],"collection":[{"href":"https:\/\/www.eletroll.com.br\/site\/wp-json\/wp\/v2\/pages"}],"about":[{"href":"https:\/\/www.eletroll.com.br\/site\/wp-json\/wp\/v2\/types\/page"}],"author":[{"embeddable":true,"href":"https:\/\/www.eletroll.com.br\/site\/wp-json\/wp\/v2\/users\/3"}],"replies":[{"embeddable":true,"href":"https:\/\/www.eletroll.com.br\/site\/wp-json\/wp\/v2\/comments?post=949"}],"version-history":[{"count":43,"href":"https:\/\/www.eletroll.com.br\/site\/wp-json\/wp\/v2\/pages\/949\/revisions"}],"predecessor-version":[{"id":1397,"href":"https:\/\/www.eletroll.com.br\/site\/wp-json\/wp\/v2\/pages\/949\/revisions\/1397"}],"wp:attachment":[{"href":"https:\/\/www.eletroll.com.br\/site\/wp-json\/wp\/v2\/media?parent=949"}],"curies":[{"name":"wp","href":"https:\/\/api.w.org\/{rel}","templated":true}]}}